31 = 0, 10*t = 4*c + 7*t. Let u be (-2)/(-7) - (-190)/70. Suppose 5*x - w = -c*w + 40, u*x - 4*w = 24. Does 8 divide x?
True
Is (-27005)/(-3) + 8/(-6)*(-6)/24 a multiple of 14?
True
Suppose -5*g - 1 = -11. Suppose g*a - 6 - 15 = -3*q, 0 = 5*a + q - 33. Suppose -283 - 269 = -a*o. Is o a multiple of 21?
False
Let x = -263 + 326. Suppose 5*a = -g + 60, -37 - x = -g + 3*a. Is g even?
False
Suppose -5*r + 6*r - 9 = -2*s, -7 = -s - r. Suppose s*n - 47 - 151 = 0. Does 9 divide n?
True
Suppose -249 = -12*r - 45. Let k(b) = 24*b + 168. Is 72 a factor of k(r)?
True
Let s = -497 + 339. Suppose -8*b + 140 = -3*x - 6*b, 0 = -5*x + 5*b - 225. Let g = x - s. Is 6 a factor of g?
True
Let r(w) = 4*w**2 + 73*w + 18. Let v be r(-18). Suppose v*l + 2002 = 14*l. Is l a multiple of 4?
False
Let i(z) = 36*z - 24. Let k be i(4). Let v = k + -28. Is 11 a factor of v?
False
Let m(a) = -37*a - 3. Suppose 0 = 2*i - 10, c + 3*i - 51 = 51. Let j = 84 - c. Is m(j) a multiple of 12?
True
Let x = -3164 - -3798. Is 13 a factor of x?
False
Let y(q) = q**2 + 9*q + 2. Suppose -4*i = -f - 28, -f + i = -2*i + 23. Let b be y(f). Does 14 divide 278*3/b*-1?
False
Let u(b) = b**3 - 4*b**2 + 2*b - 4. Let l be u(4). Suppose -l*p - 5*c = 137, -5*p - 5*c + 4*c = 187. Let d = 141 + p. Does 16 divide d?
False
Let a = 0 + 2. Suppose -a*r = -4 + 4. Suppose r = 6*w - 82 - 20. Does 13 divide w?
False
Let s(p) = -p**3 + 20*p**2 - 77*p - 390. Is 112 a factor of s(-16)?
False
Let v(l) = -4 - 8 + 2 + 1 + 105*l. Let z be v(13). Suppose -10*c + z = -4*c. Is c a multiple of 20?
False
Suppose -52 = -5*i - 42. Suppose 4*g = i*z - 4, z + 3 = -g - 4. Is 12 a factor of (z - -772)/6 + 4?
True
Is ((-2607248)/(-32))/7 - ((-28)/8)/7 a multiple of 11?
False
Let s = 11 + -6. Suppose s*o + x = 253 + 192, 2*o - 186 = -2*x. Let w = 24 + o. Does 14 divide w?
True
Suppose -5*u + 88040 = 5*a, 0 = 15*a - 13*a - 8*u - 35256. Is 28 a factor of a?
True
Let z(n) = -8*n**2 - 17*n + 132. Let q(r) = 7*r**2 + 15*r - 132. Let t(i) = 6*q(i) + 5*z(i). Is t(-33) a multiple of 11?
True
Does 10 divide ((-114840)/(-48))/(12/64)?
True
Suppose 16*w + 13*w = 85695. Is w a multiple of 95?
False
Suppose 3*w - 25892 = 4*p, 5*w - p + 7281 = 50440. Is 26 a factor of w?
True
Let w(y) = -y**3 - 8*y**2 - 2*y + 43. Let p be w(-9). Let o = 2 + -2. Suppose -2*a + p = -o*a. Is a a multiple of 15?
False
Suppose -38*q + 57 = -39*q. Let j = 63 + q. Suppose -4*d + 2*t = -716, -5*d - 174 = -j*d + 3*t. Is d a multiple of 18?
True
Let g = 62769 - 7401. Is 66 a factor of g?
False
Suppose -258*i = -278*i + 339240. Does 132 divide i?
False
Let x(k) = -49*k - 46. Let o be x(-7). Suppose -b = 5*i - 9*i + 1188, -o = -i + 4*b. Does 28 divide i?
False
Let j = -144 + 152. Is 10/(-4) - (-4)/j - -82 a multiple of 4?
True
Let f = -2175 + 2275. Does 100 divide f?
True
Let d(k) = -17*k + 8. Let s(g) = 55 - 28 - g + 9*g - 31. Let l(n) = 2*d(n) + 5*s(n). Is l(8) a multiple of 13?
False
Let h be 2800/48 - (-2)/(-6). Suppose 4*t + 0*l + 5*l - 232 = 0, h = t - 2*l. Suppose -2*s + 5*c + t = 0, -5*s + s = -c - 98. Is s a multiple of 4?
True
Let k = 17357 + -6982. Is k a multiple of 43?
False
Let j(k) = 35*k**3 + k - 1. Let v be (-27 + 2)/5*(-3)/15. Is 5 a factor of j(v)?
True
Let w = -224 - -632. Suppose -w*o = -400*o - 720. Is 10 a factor of o?
True
Let b(o) = -2526*o - 5. Let a be b(-2). Does 30 divide a/14 + (-7)/14?
True
Let x(t) = t**2 + 3*t - 76. Let f be x(-10). Let h(u) = u**2 + 5*u + 15. Does 7 divide h(f)?
True
Suppose 5*j = -4*d - 6552, -41*j - 5*d = -36*j + 6555. Let o = -765 - j. Is o a multiple of 25?
False
Let g = -960 - -2754. Is g a multiple of 69?
True
Suppose -3*f - 5*b + 4704 = -0*f, -3*f = -4*b - 4704. Suppose f = -3*z + 7*z. Is z a multiple of 56?
True
Let u(l) = -49*l - 420. Does 17 divide u(-28)?
True
Let j(i) = -80*i + 18. Let d(m) = 80*m - 18. Let q(c) = -2*d(c) - 3*j(c). Let h be q(6). Does 11 divide (-10)/3*h/(-28)?
True
Suppose -c = 2*c - 66. Let h = 56 - c. Suppose 0 = 3*v - 4*u - h, -u + 4*u + 53 = 5*v. Is v a multiple of 10?
True
Suppose 2*u + 0*m = -m + 148, -2*m = -4. Suppose l - u = 2*d, -5*l - 3*d = 130 - 534. Is l a multiple of 30?
False
Let g = -20555 + 30965. Is g a multiple of 37?
False
Is 161 a factor of ((-42)/(-70) - 6/5) + 37044/15?
False
Suppose 3*i = r, -4*i + 0*i = 0. Let v be (-18)/54*(r + -228). Let n = v - 52. Is 12 a factor of n?
True
Let r(v) = 755*v**2 - 3885*v + 17. Is 11 a factor of r(12)?
True
Let c(i) = 3*i**2 - 7*i + 10. Suppose 0 = -5*w + z + 55, z = 3*w - 13 - 18. Let m be (w/(-8))/(1/4*-2). Is 5 a factor of c(m)?
False
Let n(z) = 23*z**2 + 45*z - 1112. Is 14 a factor of n(24)?
True
Suppose 73 = 7*k + 59. Suppose f + 149 = 4*h, 0 = 11*h - 8*h + k*f - 98. Does 36 divide h?
True
Let r(i) = 0 - i**2 - 18*i + 12*i + 2 + 14*i. Let n be r(6). Suppose -n*o + o = -1768. Does 34 divide o?
True
Suppose 2*c - 8*l + 2 = -13*l, 0 = -l + 2. Is 6*(-2)/(-4)*(-82)/c a multiple of 15?
False
Suppose 4*j = -5*c + 6299, -4*j + 68 = 64. Suppose 8*v - 4899 + c = 0. Does 92 divide v?
False
Suppose -5 = -5*m, -3*b = m + 21 - 55. Let a(j) = -2*j**3 + 23*j**2 + 7*j - 58. Does 5 divide a(b)?
True
Does 197 divide (5526/11)/(71/4686)?
False
Suppose 2*m + 9 = 3*m. Let l = -4955 + 4961. Does 6 divide 215*l/m - 14/(-21)?
True
Let o(h) = -h**3 - h**2 + h - 6. Let a be o(-3). Let v be ((-40)/15 - -4)*a. Is ((-123)/(-12))/(1/v) a multiple of 15?
False
Let f(t) = -14*t - 96. Let p be f(3). Suppose 0 = 2*w - 4*w + 2. Is w - (-1)/(2*(-1)/p) a multiple of 7?
True
Suppose 124 = -5*p - i, 18 = -4*i + 2. Let f be 12/(8/111*(-18)/p). Suppose -3*t + 0*t + f = 0. Is t a multiple of 5?
False
Suppose -9*l + 324 = -6*l. Is l - (-7 - (0 - 7)) a multiple of 36?
True
Suppose -4*h + 2164 = -5*l, -3*h + 3*l + 2692 = 2*h. Suppose 0 = -5*q + 2*c + 672, 4*q - 6*c = -4*c + h. Does 8 divide q?
True
Let z = -282 + 164. Suppose -3*k = 9, -7*k = -5*p - 2*k - 1280. Let w = z - p. Is w a multiple of 37?
False
Is 33 a factor of (-24376)/(-6)*(-27 + 234/8)?
True
Let v(f) = 4*f**3 + 44*f**2 + 6*f - 139. Is 17 a factor of v(10)?
False
Let q = 14011 + -5044. Does 58 divide q?
False
Suppose 1820 - 584 = 6*n. Let t = 275 - n. Is 7 a factor of t?
False
Let f(w) = 47*w + 5 + 11 + 12 - 31. Is f(1) a multiple of 2?
True
Suppose 0 = -2*x - 2*t - 2 + 10, -2*x = 4*t - 8. Suppose x*a + 313 + 55 = 0. Let v = a + 147. Is 55 a factor of v?
True
Let v(h) = 484*h**2 + 65*h - 228. Is v(4) a multiple of 108?
True
Let w be (-3)/(-45)*-5 + 148/(-6). Let m be (w/(-5) - 3) + 5. Let a(s) = -s**3 + 8*s**2 - 5*s + 42. Is a(m) a multiple of 14?
True
Let g(a) = 23 + 33 - 50 + a**2 + a + 3*a. Let c be g(-2). Suppose 3*r + 12 = 0, 4*b + c*r - 75 = -11. Does 18 divide b?
True
Let z = 94 - 84. Let a = z + -8. Suppose 3*d - a*x - 120 = -x, 189 = 5*d + 2*x. Is d a multiple of 39?
True
Let v = 510 + -436. Let n = v - -422. Is n a multiple of 4?
True
Let z = -36 + 89. Suppose 83 = 6*m + z. Suppose m*n = 4*q + 3*n - 188, 3*q - 5*n = 155. Does 4 divide q?
False
Suppose -3*z + 3*i = -27588, -41*z + 3*i = -46*z + 45972. Is 26 a factor of z?
False
Suppose -217580 = -349*w + 303*w. Is 55 a factor of w?
True
Let x be 24/(-32) + 17634/(-8). Let z be 2/11 + x/(-33). Suppose j = -u + 1 + 18, 3*u + j = z. Does 6 divide u?
True
Let f(k) = k**2 + 16*k + 5. Let o be f(14). Does 17 divide 2 + (o - 2) - (-6 - -6)?
True
Suppose 5*h + 4*a = 3083, -2*a + 4*a = -5*h + 3089. Suppose -3*l - 4*z = -1247, 5*z - h = -4*l + 1043. Let s = l - 287. Is 25 a factor of s?
False
Suppose -l = -v + 5573 - 41535, 971104 = 27*l - v. Does 86 divide l?
False
Is 1070200/68 - 72/306 a multiple of 61?
True
Let g(x) = -5*x + 6. Let z be g(-3). Let k = 49 - z. Suppose -t + 4*h - 1 = 4, 4*t = 4*h + k. Is 2 a factor of t?
False
Let l = 35998 - 32849. Does 47 divide l?
True
Let f(x) = 5*x**2 + 40*x + 4. Let p be f(-8). Let o be (p/20 + 1)/(6/20). Suppose -2*a + 3*a = -3*i + 173, o*a - 718 = i. Does 18 divide a?
False
Let v(r) = -2*r**2 + 15*r - 15. Let t(y) = y**3 - 5*y**2 + 6. Let g be t(5). Let l be v(g). Let i = 215 - l. Is 36 a factor of i?
False
Suppose -22*u + 20*u + 24 = 0. Let q be ((-24)/(-20))/(u/160). Suppose -11*d - 165 = -q*d. Does 31 divide d?
False
Suppose -46*p + 66*p - 86400 = 0. Is p a multiple of 12?
True
Suppose -4*x = -5*f - 84, x - 2*f -